{"id":6,"date":"2024-06-07T14:58:27","date_gmt":"2024-06-07T14:58:27","guid":{"rendered":"https:\/\/lautpoesiefestival.com\/wordpress\/?page_id=6"},"modified":"2025-12-16T20:29:29","modified_gmt":"2025-12-16T20:29:29","slug":"startseite","status":"publish","type":"page","link":"https:\/\/lautpoesiefestival.com\/wordpress\/","title":{"rendered":""},"content":{"rendered":"<p><iframe loading=\"lazy\" title=\"YouTube video player\" src=\"https:\/\/www.youtube.com\/embed\/htVYD-vucRE?si=Ta67-hApK5YYs9yA\" width=\"560\" height=\"315\" frameborder=\"0\" allowfullscreen=\"allowfullscreen\"><span data-mce-type=\"bookmark\" style=\"display: inline-block; width: 0px; overflow: hidden; line-height: 0;\" class=\"mce_SELRES_start\">\ufeff<\/span><\/iframe><\/p>\n<h3 class=\"style-scope ytd-watch-metadata\">Video: Lautpoesie Festival Kurz-Doku<\/h3>\n<p><em>Video: Marc Doradzillo<\/em><\/p>\n<p><script class=\"podigee-podcast-player\" src=\"https:\/\/player.podigee-cdn.net\/podcast-player\/javascripts\/podigee-podcast-player.js\" data-configuration=\"https:\/\/possiblepoetry.podigee.io\/13-new-episode\/embed?context=external\"><\/script><\/p>\n<p><a href=\"http:\/\/lautpoesiefestival.com\/wordpress\/wp-content\/uploads\/2024\/09\/Lautpoesie-Fesitval_Programm_2024_ANSICHT1.pdf\" target=\"_blank\" rel=\"noopener\"><img loading=\"lazy\" decoding=\"async\" class=\"alignnone size-full wp-image-155\" src=\"http:\/\/lautpoesiefestival.com\/wordpress\/wp-content\/uploads\/2024\/09\/Tag-1-Kopie.jpg\" alt=\"\" width=\"763\" height=\"1200\" srcset=\"https:\/\/lautpoesiefestival.com\/wordpress\/wp-content\/uploads\/2024\/09\/Tag-1-Kopie.jpg 763w, https:\/\/lautpoesiefestival.com\/wordpress\/wp-content\/uploads\/2024\/09\/Tag-1-Kopie-191x300.jpg 191w, https:\/\/lautpoesiefestival.com\/wordpress\/wp-content\/uploads\/2024\/09\/Tag-1-Kopie-651x1024.jpg 651w\" sizes=\"auto, (max-width: 763px) 100vw, 763px\" \/><\/a><\/p>\n<p><a href=\"http:\/\/lautpoesiefestival.com\/wordpress\/wp-content\/uploads\/2024\/09\/Lautpoesie-Fesitval_Programm_2024_ANSICHT1.pdf\" target=\"_blank\" rel=\"noopener\"><img loading=\"lazy\" decoding=\"async\" class=\"alignnone size-full wp-image-147\" src=\"http:\/\/lautpoesiefestival.com\/wordpress\/wp-content\/uploads\/2024\/09\/Tag-2.jpg\" alt=\"\" width=\"763\" height=\"1707\" srcset=\"https:\/\/lautpoesiefestival.com\/wordpress\/wp-content\/uploads\/2024\/09\/Tag-2.jpg 763w, https:\/\/lautpoesiefestival.com\/wordpress\/wp-content\/uploads\/2024\/09\/Tag-2-134x300.jpg 134w, https:\/\/lautpoesiefestival.com\/wordpress\/wp-content\/uploads\/2024\/09\/Tag-2-458x1024.jpg 458w, https:\/\/lautpoesiefestival.com\/wordpress\/wp-content\/uploads\/2024\/09\/Tag-2-687x1536.jpg 687w\" sizes=\"auto, (max-width: 763px) 100vw, 763px\" \/><\/a><\/p>\n<p><a href=\"http:\/\/lautpoesiefestival.com\/wordpress\/wp-content\/uploads\/2024\/09\/Lautpoesie-Fesitval_Programm_2024_ANSICHT1.pdf\" target=\"_blank\" rel=\"noopener\"><img loading=\"lazy\" decoding=\"async\" class=\"alignnone size-full wp-image-148\" src=\"http:\/\/lautpoesiefestival.com\/wordpress\/wp-content\/uploads\/2024\/09\/Tag-3.jpg\" alt=\"\" width=\"763\" height=\"1357\" srcset=\"https:\/\/lautpoesiefestival.com\/wordpress\/wp-content\/uploads\/2024\/09\/Tag-3.jpg 763w, https:\/\/lautpoesiefestival.com\/wordpress\/wp-content\/uploads\/2024\/09\/Tag-3-169x300.jpg 169w, https:\/\/lautpoesiefestival.com\/wordpress\/wp-content\/uploads\/2024\/09\/Tag-3-576x1024.jpg 576w\" sizes=\"auto, (max-width: 763px) 100vw, 763px\" \/><\/a><\/p>\n<p>&nbsp;<\/p>\n<p>&nbsp;<\/p>\n<p>&nbsp;<\/p>\n<h1>Lautpoesiefestival<\/h1>\n<p><strong>Freitag, 27. September 2024: Literaturhaus Freiburg<\/strong><br \/>\n<strong>Samstag, 28. September 2024: Schopf2<\/strong><br \/>\n<strong>29. September 2024: Sonntags-Matin\u00e9e im Literaturhaus Basel \/ Jazzcampus<\/strong><\/p>\n<p>Wir setzen unserer konfliktgebeutelten Gegenwart eine Insel der Poesie und der von diskursiven Verengungen befreiten Lust am Klang der Sprache entgegen. Das Dreil\u00e4ndereck um Basel\/Freiburg\/Elsass wird dabei genutzt f\u00fcr poetische Grenz\u00fcberschreitungen und eine Durchmischung der Sprachen, Dialekte und Nationalit\u00e4ten. Und wir fragen, wie der sprachliche Widerstandsgeist aus dem Dadaismus, der w\u00e4hrend des Ersten Weltkriegs unsere Kunst und Gesellschaft erneuerte, im Jahr 2024 aussehen k\u00f6nnte.<\/p>\n<p>Unsere Idee ist aus dem Geist des Dadaismus geboren, der in einem geschichtlichen Moment, als die Welt in sich zusammenzubrechen drohte, eine Kunstform erfand, welche ein gro\u00dfes gesellschaftliches Transformationspotential hatte, und die Kunstwelt\u00a0 nachhaltig beeinflusste.<\/p>\n<p>Die Gleichzeitigkeit von Schwerem und Leichtem, von verzweifelter Ratlosigkeit und schwarzem Humor ist das Verwandtschaftsmerkmal der Auftritte vieler Lautpoet*innen. So m\u00f6chten wir Erlebnisse mit Sprache erm\u00f6glichen, die das Rabenschwarze zusammen mit dem Spontanen, gut Gelaunten und Zukunftsoffenen denken. Zugleich m\u00f6chten wir aber auch erforschen wie sich Lautpoet*innen die mit Dialekten arbeiten zueinander verhalten: Was gibt es f\u00fcr klangliche Schnittmengen zwischen franz\u00f6sischer (els\u00e4ssischer), schweizerischer und deutscher Lautpoesie?<\/p>\n<p>F\u00fcr Abwechslung im Programm sorgen Konzerte von Musiker*innen, die \u00e4sthetische\u00a0 Verfahren anwenden, die mit der Lautpoesie verwandt sind.<\/p>\n<p><a href=\"http:\/\/lautpoesiefestival.com\/wordpress\/wp-content\/uploads\/2024\/09\/Lautpoesie-Fesitval_Programm_2024_ANSICHT1.pdf\" target=\"_blank\" rel=\"noopener\">=&gt; Zum Programmfolder<\/a><\/p>\n<p>&nbsp;<\/p>\n<p>&nbsp;<\/p>\n<p>&nbsp;<\/p>\n","protected":false},"excerpt":{"rendered":"<p>\ufeff Video: Lautpoesie Festival Kurz-Doku Video: Marc Doradzillo &nbsp; &nbsp; &nbsp; Lautpoesiefestival Freitag, 27. September 2024: Literaturhaus Freiburg Samstag, 28. [&hellip;]<\/p>\n","protected":false},"author":1,"featured_media":0,"parent":0,"menu_order":0,"comment_status":"closed","ping_status":"closed","template":"","meta":{"site-sidebar-layout":"default","site-content-layout":"","ast-site-content-layout":"default","site-content-style":"default","site-sidebar-style":"default","ast-global-header-display":"","ast-banner-title-visibility":"","ast-main-header-display":"","ast-hfb-above-header-display":"","ast-hfb-below-header-display":"","ast-hfb-mobile-header-display":"","site-post-title":"","ast-breadcrumbs-content":"","ast-featured-img":"","footer-sml-layout":"","theme-transparent-header-meta":"default","adv-header-id-meta":"","stick-header-meta":"","header-above-stick-meta":"","header-main-stick-meta":"","header-below-stick-meta":"","astra-migrate-meta-layouts":"set","ast-page-background-enabled":"default","ast-page-background-meta":{"desktop":{"background-color":"var(--ast-global-color-4)","background-image":"","background-repeat":"repeat","background-position":"center center","background-size":"auto","background-attachment":"scroll","background-type":"","background-media":"","overlay-type":"","overlay-color":"","overlay-opacity":"","overlay-gradient":""},"tablet":{"background-color":"","background-image":"","background-repeat":"repeat","background-position":"center center","background-size":"auto","background-attachment":"scroll","background-type":"","background-media":"","overlay-type":"","overlay-color":"","overlay-opacity":"","overlay-gradient":""},"mobile":{"background-color":"","background-image":"","background-repeat":"repeat","background-position":"center center","background-size":"auto","background-attachment":"scroll","background-type":"","background-media":"","overlay-type":"","overlay-color":"","overlay-opacity":"","overlay-gradient":""}},"ast-content-background-meta":{"desktop":{"background-color":"var(--ast-global-color-5)","background-image":"","background-repeat":"repeat","background-position":"center center","background-size":"auto","background-attachment":"scroll","background-type":"","background-media":"","overlay-type":"","overlay-color":"","overlay-opacity":"","overlay-gradient":""},"tablet":{"background-color":"var(--ast-global-color-5)","background-image":"","background-repeat":"repeat","background-position":"center center","background-size":"auto","background-attachment":"scroll","background-type":"","background-media":"","overlay-type":"","overlay-color":"","overlay-opacity":"","overlay-gradient":""},"mobile":{"background-color":"var(--ast-global-color-5)","background-image":"","background-repeat":"repeat","background-position":"center center","background-size":"auto","background-attachment":"scroll","background-type":"","background-media":"","overlay-type":"","overlay-color":"","overlay-opacity":"","overlay-gradient":""}},"footnotes":""},"class_list":["post-6","page","type-page","status-publish","hentry"],"_links":{"self":[{"href":"https:\/\/lautpoesiefestival.com\/wordpress\/index.php\/wp-json\/wp\/v2\/pages\/6","targetHints":{"allow":["GET"]}}],"collection":[{"href":"https:\/\/lautpoesiefestival.com\/wordpress\/index.php\/wp-json\/wp\/v2\/pages"}],"about":[{"href":"https:\/\/lautpoesiefestival.com\/wordpress\/index.php\/wp-json\/wp\/v2\/types\/page"}],"author":[{"embeddable":true,"href":"https:\/\/lautpoesiefestival.com\/wordpress\/index.php\/wp-json\/wp\/v2\/users\/1"}],"replies":[{"embeddable":true,"href":"https:\/\/lautpoesiefestival.com\/wordpress\/index.php\/wp-json\/wp\/v2\/comments?post=6"}],"version-history":[{"count":29,"href":"https:\/\/lautpoesiefestival.com\/wordpress\/index.php\/wp-json\/wp\/v2\/pages\/6\/revisions"}],"predecessor-version":[{"id":180,"href":"https:\/\/lautpoesiefestival.com\/wordpress\/index.php\/wp-json\/wp\/v2\/pages\/6\/revisions\/180"}],"wp:attachment":[{"href":"https:\/\/lautpoesiefestival.com\/wordpress\/index.php\/wp-json\/wp\/v2\/media?parent=6"}],"curies":[{"name":"wp","href":"https:\/\/api.w.org\/{rel}","templated":true}]}}

<p><iframe loading="lazy" title="YouTube video player" src="https://www.youtube.com/embed/htVYD-vucRE?si=Ta67-hApK5YYs9yA" width="560" height="315" frameborder="0" allowfullscreen="allowfullscreen"><span data-mce-type="bookmark" style="display: inline-block; width: 0px; overflow: hidden; line-height: 0;" class="mce_SELRES_start">﻿</span></iframe></p>
<h3 class="style-scope ytd-watch-metadata">Video: Lautpoesie Festival Kurz-Doku</h3>
<p><em>Video: Marc Doradzillo</em></p>
<p><script class="podigee-podcast-player" src="https://player.podigee-cdn.net/podcast-player/javascripts/podigee-podcast-player.js" data-configuration="https://possiblepoetry.podigee.io/13-new-episode/embed?context=external"></script></p>
<p><a href="http://lautpoesiefestival.com/wordpress/wp-content/uploads/2024/09/Lautpoesie-Fesitval_Programm_2024_ANSICHT1.pdf" target="_blank" rel="noopener"><img loading="lazy" decoding="async" class="alignnone size-full wp-image-155" src="http://lautpoesiefestival.com/wordpress/wp-content/uploads/2024/09/Tag-1-Kopie.jpg" alt="" width="763" height="1200" srcset="https://lautpoesiefestival.com/wordpress/wp-content/uploads/2024/09/Tag-1-Kopie.jpg 763w, https://lautpoesiefestival.com/wordpress/wp-content/uploads/2024/09/Tag-1-Kopie-191x300.jpg 191w, https://lautpoesiefestival.com/wordpress/wp-content/uploads/2024/09/Tag-1-Kopie-651x1024.jpg 651w" sizes="auto, (max-width: 763px) 100vw, 763px" /></a></p>
<p><a href="http://lautpoesiefestival.com/wordpress/wp-content/uploads/2024/09/Lautpoesie-Fesitval_Programm_2024_ANSICHT1.pdf" target="_blank" rel="noopener"><img loading="lazy" decoding="async" class="alignnone size-full wp-image-147" src="http://lautpoesiefestival.com/wordpress/wp-content/uploads/2024/09/Tag-2.jpg" alt="" width="763" height="1707" srcset="https://lautpoesiefestival.com/wordpress/wp-content/uploads/2024/09/Tag-2.jpg 763w, https://lautpoesiefestival.com/wordpress/wp-content/uploads/2024/09/Tag-2-134x300.jpg 134w, https://lautpoesiefestival.com/wordpress/wp-content/uploads/2024/09/Tag-2-458x1024.jpg 458w, https://lautpoesiefestival.com/wordpress/wp-content/uploads/2024/09/Tag-2-687x1536.jpg 687w" sizes="auto, (max-width: 763px) 100vw, 763px" /></a></p>
<p><a href="http://lautpoesiefestival.com/wordpress/wp-content/uploads/2024/09/Lautpoesie-Fesitval_Programm_2024_ANSICHT1.pdf" target="_blank" rel="noopener"><img loading="lazy" decoding="async" class="alignnone size-full wp-image-148" src="http://lautpoesiefestival.com/wordpress/wp-content/uploads/2024/09/Tag-3.jpg" alt="" width="763" height="1357" srcset="https://lautpoesiefestival.com/wordpress/wp-content/uploads/2024/09/Tag-3.jpg 763w, https://lautpoesiefestival.com/wordpress/wp-content/uploads/2024/09/Tag-3-169x300.jpg 169w, https://lautpoesiefestival.com/wordpress/wp-content/uploads/2024/09/Tag-3-576x1024.jpg 576w" sizes="auto, (max-width: 763px) 100vw, 763px" /></a></p>
<p>&nbsp;</p>
<p>&nbsp;</p>
<p>&nbsp;</p>
<h1>Lautpoesiefestival</h1>
<p><strong>Freitag, 27. September 2024: Literaturhaus Freiburg</strong><br />
<strong>Samstag, 28. September 2024: Schopf2</strong><br />
<strong>29. September 2024: Sonntags-Matinée im Literaturhaus Basel / Jazzcampus</strong></p>
<p>Wir setzen unserer konfliktgebeutelten Gegenwart eine Insel der Poesie und der von diskursiven Verengungen befreiten Lust am Klang der Sprache entgegen. Das Dreiländereck um Basel/Freiburg/Elsass wird dabei genutzt für poetische Grenzüberschreitungen und eine Durchmischung der Sprachen, Dialekte und Nationalitäten. Und wir fragen, wie der sprachliche Widerstandsgeist aus dem Dadaismus, der während des Ersten Weltkriegs unsere Kunst und Gesellschaft erneuerte, im Jahr 2024 aussehen könnte.</p>
<p>Unsere Idee ist aus dem Geist des Dadaismus geboren, der in einem geschichtlichen Moment, als die Welt in sich zusammenzubrechen drohte, eine Kunstform erfand, welche ein großes gesellschaftliches Transformationspotential hatte, und die Kunstwelt  nachhaltig beeinflusste.</p>
<p>Die Gleichzeitigkeit von Schwerem und Leichtem, von verzweifelter Ratlosigkeit und schwarzem Humor ist das Verwandtschaftsmerkmal der Auftritte vieler Lautpoet*innen. So möchten wir Erlebnisse mit Sprache ermöglichen, die das Rabenschwarze zusammen mit dem Spontanen, gut Gelaunten und Zukunftsoffenen denken. Zugleich möchten wir aber auch erforschen wie sich Lautpoet*innen die mit Dialekten arbeiten zueinander verhalten: Was gibt es für klangliche Schnittmengen zwischen französischer (elsässischer), schweizerischer und deutscher Lautpoesie?</p>
<p>Für Abwechslung im Programm sorgen Konzerte von Musiker*innen, die ästhetische  Verfahren anwenden, die mit der Lautpoesie verwandt sind.</p>
<p><a href="http://lautpoesiefestival.com/wordpress/wp-content/uploads/2024/09/Lautpoesie-Fesitval_Programm_2024_ANSICHT1.pdf" target="_blank" rel="noopener">=&gt; Zum Programmfolder</a></p>
<p>&nbsp;</p>
<p>&nbsp;</p>
<p>&nbsp;</p>
